102112 (base 3) to base 14
-12d5cbc
Convert -80962 (base 11) to base 10.
-118285
What is -3369675 (base 12) in base 11?
-5614a76
-15e68d (base 15) to base 3
-1222220201221
Convert 721173 (base 9) to base 14.
b1a45
What is -23311042 (base 5) in base 16?
-34118
Convert -2551180 (base 10) to base 9.
-4717504
What is 67337 (base 9) in base 10?
44746
Convert 222000304 (base 5) to base 4.
3230201331
Convert 86a4a (base 11) to base 8.
366652
-193508 (base 12) to base 15
-8ab98
2b1eeb (base 16) to base 6
140323055
-13522321 (base 7) to base 16
-1351ff
What is -195213 (base 13) in base 3?
-1012111110220
-15421120 (base 6) to base 16
-85968
What is 1101435 (base 9) in base 12?
24641b
26082 (base 12) to base 15
105c8
42054652 (base 8) to base 7
135645020
Convert -1099301 (base 12) to base 14.
-5d0049
Convert -b107 (base 13) to base 15.
-732d
What is -1101221100212 (base 3) in base 4?
-2312110022
8002 (base 13) to base 4
10102222
1782862 (base 9) to base 5
223440214
Convert -7609c5 (base 14) to base 12.
-1409241
What is -2764c6 (base 13) in base 2?
-11101001100001110101
Convert -b6c187 (base 14) to base 13.
-1384ab6
Convert -25ee7 (base 15) to base 2.
-11101101010010100
253516 (base 7) to base 14
13146
Convert -63b4a (base 12) to base 13.
-47977
What is -50122522 (base 6) in base 12?
-580442
Convert 1012391 (base 10) to base 15.
14ee7b
Convert -32144320 (base 7) to base 6.
-134332451
What is 134101040 (base 5) in base 7?
5604623
2707959 (base 11) to base 16
476cf5
31343422 (base 5) to base 15
52b0c
What is -10224424 (base 8) in base 6?
-114325044
What is 5441553 (base 6) in base 16?
41ead
Convert -7e2cdb (base 15) to base 13.
-1333643
Convert -250241342 (base 6) to base 16.
-48efde
What is 312354040 (base 6) in base 11?
3088283
Convert 202233032033 (base 4) to base 10.
9106319
Convert -70624 (base 12) to base 16.
-23a7c
Convert -68a286 (base 11) to base 3.
-2001201220121
-451154 (base 11) to base 5
-141001140
What is 132130323 (base 4) in base 6?
2401243
2740262 (base 10) to base 11
1601888
-1206a4 (base 11) to base 4
-232223011
Convert 941507 (base 10) to base 8.
3456703
What is -310333203 (base 5) in base 13?
-352372
Convert -113026 (base 9) to base 7.
-401505
What is -4414525 (base 8) in base 11?
-740183
42563610 (base 7) to base 5
1412113431
What is 646852 (base 9) in base 5?
44314412
4104523 (base 6) to base 13
6ac74
What is d6282 (base 16) in base 10?
877186
Convert 355044 (base 7) to base 5.
4023143
Convert 1887921 (base 10) to base 9.
3486660
Convert -2211312010 (base 4) to base 12.
-289144
-16c6377 (base 14) to base 12
-3919631
Convert 18468a6 (base 14) to base 3.
211120212100111
What is 4429713 (base 10) in base 9?
8301373
What is 26a3313 (base 12) in base 10?
7677951
Convert 111223515 (base 6) to base 3.
10210220001002
What is 31011103 (base 4) in base 6?
1052031
Convert -1100110110001011001 (base 2) to base 12.
-183735
874c7 (base 14) to base 3
121122020110
What is -111101011100000010111 (base 2) in base 12?
-811073
What is 2c12925 (base 13) in base 10?
14143641
What is -4ba4b (base 12) in base 5?
-11302301
Convert 7303506 (base 8) to base 7.
22306623
What is 58674 (base 9) in base 15?
b92a
Convert 332210331 (base 4) to base 6.
5254353
Convert -5874450 (base 9) to base 7.
-36006444
Convert 4914a1 (base 12) to base 9.
2204584
-61890 (base 14) to base 2
-111001010110110110
What is -102022101102 (base 3) in base 12?
-a8a02
Convert -151d47 (base 15) to base 3.
-1220202121211
Convert 488514 (base 9) to base 16.
48016
Convert -33010202323 (base 4) to base 3.
-21102201110011
-23020331 (base 4) to base 15
-d7be
Convert -71334 (base 8) to base 11.
-20101
-1278645 (base 12) to base 6
-210032125
Convert -50364600 (base 7) to base 12.
-1499500
Convert -d97a92 (base 14) to base 6.
-421420144
What is 520b55 (base 12) in base 2?
100111010010001110001
What is -43442213 (base 5) in base 8?
-1333633
What is -2cacc (base 16) in base 5?
-21323423
What is -21020310123 (base 4) in base 15?
-324b49
What is 2564314 (base 7) in base 5?
41212034
What is -16652500 (base 8) in base 14?
-733104
Convert 1355483 (base 10) to base 4.
11022323123
Convert 141450 (base 10) to base 9.
235026
4204431 (base 6) to base 12
99717
What is 133400 (base 6) in base 4?
3002220
Convert 1011111011110100001 (base 2) to base 12.
16a395
Convert -4542026 (base 7) to base 6.
-20035245
234304341 (base 5) to base 7
12151202
-424122 (base 8) to base 2
-100010100001010010
2eb0a (base 16) to base 7
1424362
-101011000100111101000 (base 2) to base 16
-1589e8
Convert 14001145 (base 9) to base 14.
cbc0da
430203 (base 8) to base 7
1135225
Convert -1001100101100111000011 (base 2) to base 6.
-125511511
-5179978 (base 10) to base 16
-4f0a4a
What is -13619 (base 11) in base 16?
-4bb4
What is -1227035 (base 10) in base 4?
-10223210123
-102323033 (base 5) to base 11
-27626a
-110110010010001000 (base 2) to base 7
-1614143
What is -462331 (base 13) in base 11?
-a35326
What is -220233303 (base 4) in base 13?
-5ac75
Convert 19b10 (base 15) to base 14.
225d8
What is 101101001111100011011010 (base 2) in base 10?
11860186
Convert 1012112121120 (base 3) to base 10.
640509
What is -202313100 (base 4) in base 5?
-14032200
-256337 (base 11) to base 14
-a7196
Convert 42da3d (base 14) to base 4.
20221023113
Convert 1555145 (base 7) to base 12.
a4852
Convert -2330323 (base 5) to base 3.
-2011102100
What is -23c821 (base 16) in base 6?
-122132241
What is -2015435 (base 7) in base 15?
-4b00b
1303303133 (base 4) to base 8
1636337
What is -f19fc (base 16) in base 12?
-3b88a4
-3131140 (base 5) to base 8
-145515
-1100100010001101000010 (base 2) to base 12
-112562a
cdb2 (base 16) to base 9
80208
-428a7 (base 12) to base 10
-87679
Convert 1440431303 (base 5) to base 11.
2195097
What is 109908 (base 13) in base 9?
657476
-114113121 (base 5) to base 8
-2025563
What is -762463 (base 8) in base 12?
-103897
Convert -201222000 (base 4) to base 16.
-21a80
258319 (base 11) to base 3
202122101120
What is 313527 (base 8) in base 16?
19757
Convert 1423100 (base 6) to base 11.
5597a
What is 130e21 (base 15) in base 16?
df3ff
Convert -21b0a0 (base 13) to base 14.
-169c56
Convert 16a88 (base 16) to base 13.
33321
-29448 (base 11) to base 3
-2010100001
Convert 1230113320 (base 4) to base 8.
1542770
Convert -1304155 (base 8) to base 10.
-362605
What is -3352345 (base 6) in base 15?
-35715
Convert 222123421 (base 5) to base 10.
973611
What is 109076 (base 12) in base 2?
1000000100100011010
-5b903 (base 13) to base 8
-511060
Convert 1003223122 (base 4) to base 7.
2233123
Convert -132012234 (base 6) to base 16.
-27e51e
What is -74951b (base 12) in base 9?
-3415415
Convert -2746215 (base 14) to base 5.
-14330310004
What is -10115744 (base 8) in base 13?
-59a943
What is 15322b (base 12) in base 6?
11401255
Convert 52775 (base 8) to base 15.
67c8
Convert 234140021 (base 5) to base 2.
100001000100101110001
What is 10d5d (base 14) in base 5?
2303142
Convert 2115261 (base 7) to base 8.
764552
What is 2187196 (base 10) in base 6?
114513524
-1100034 (base 7) to base 5
-13300411
-410032 (base 6) to base 8
-77244
What is -153580 (base 12) in base 13?
-c724b
What is 4750 (base 15) in base 10?
15150
-382723 (base 12) to base 3
-1201120201100
10000021200121 (base 3) to base 16
1869b8
What is -11100000100010100001 (base 2) in base 9?
-1651543
3525987 (base 11) to base 2
10111011111001100000011
What is 1442465 (base 9) in base 2?
11000010010001001010
Convert 575869 (base 13) to base 11.
1193372
Convert -57787 (base 12) to base 14.
-30851
Convert 231410000 (base 5) to base 2.
11111110111110010111
Convert -10230431 (base 6) to base 9.
-505801
Convert -1217167 (base 8) to base 11.
-20a061
What is -93941 (base 10) in base 16?
-16ef5
What is b265a7 (base 13) in base 15?
5713de
-55514 (base 6) to base 8
-17106
What is 201665 (base 10) in base 9?
336562
What is 1131728 (base 9) in base 7?
5124533
What is 14301040 (base 6) in base 5?
111141003
Convert 16129 (base 15) to base 10.
71139
13330212 (base 4) to base 14
bc10
What is -2179754 (base 10) in base 9?
-4082048
What is -28e86 (base 16) in base 8?
-507206
757412 (base 8) to base 13
8b62b
269278 (base 10) to base 15
54bbd
What is 401567 (base 10) in base 6?
12335035
Convert -1010101111011001101011 (base 2) to base 5.
